 + 39462 = -5*h. List the prime factors of n.
5, 17, 139
Suppose h + h - 3*l - 10 = 0, 0 = 3*h + 3*l - 15. Suppose h*f + 64 = 2*w - 0*f, -w - f + 46 = 0. Suppose -4*m = -w - 426. List the prime factors of m.
3, 13
Suppose 4*p + 2*f = 38100, 3*p + 26*f = 21*f + 28589. List the prime factors of p.
89, 107
Let k be (-4)/(-1) - 90/(-6). Suppose -4*d = -4*j + 36, 0 = 3*j + d - 2*d - k. Suppose -51 = -4*f + j*h + 69, -f + 2*h + 30 = 0. List the prime factors of f.
2, 3, 5
Let l(r) = -8*r**2 - 8*r + 20. Let d be l(-5). List the prime factors of (-28)/d - 9348/(-10).
5, 11, 17
Suppose -21*a = -8*a - 234. Suppose -3*g + 3*z = a, -4*g - 18 = 2*z + 6. List the prime factors of (-902)/(-6) - (10/g - -2).
2, 3, 5
Let z(n) = -n**3 - 92*n**2 - 558*n - 39. What are the prime factors of z(-87)?
2, 3, 1777
Suppose -17 = -3*y + 10. Suppose -y*c - 30 = -7*c. What are the prime factors of 2109/21 + c/35?
2, 5
Suppose -2*q + 44762 = 5*w, 5*q + 4*w + 69263 = 181151. List the prime factors of q.
2, 2797
Let l = 43370 - 28179. List the prime factors of l.
11, 1381
What are the prime factors of (-498879)/(-63) - (-4)/14?
7919
Let z be (-2)/19 + 268022/(-646). Let c = z - -657. List the prime factors of c.
2, 11
List the prime factors of 185140/36 - -4 - (0 - (-12)/(-54)).
5147
Let i(f) = f**2 - 7*f - 40. Let d be i(11). What are the prime factors of d/(-3) + 8/(-144)*-16494?
3, 5, 61
Suppose 5*r + 5*n - 136470 = 0, -r = -116*n + 113*n - 27322. List the prime factors of r.
23, 1187
Let v = -539 - -544. Suppose -3600 = -v*r - 5*l, 5*l = 7 + 3. List the prime factors of r.
2, 359
Let l(k) = -74*k**3 - 2*k**2 + 5. Let s be 12/(-4)*4/6. List the prime factors of l(s).
19, 31
Suppose -2*g + 6*g = -p - 9, 0 = -2*g - 6. Let d be -42 + 44/(-20)*5. What are the prime factors of d*1*(p + -4)?
53
Let g(p) = 21*p**2 - 38*p + 68. What are the prime factors of g(22)?
2, 3, 29
Suppose 7*m - 76 = -12*m. Suppose 4*k + s = 1662, 1241 = -k + m*k - 2*s. List the prime factors of k.
5, 83
Let k(l) = -4*l**3 - 13*l**2 + 39*l + 865. What are the prime factors of k(-17)?
16097
Suppose 0 = 3*o + g - 307, 5*o - 3 = -3*g + 502. Suppose -3*p - 5*u - o = 18, -218 = 5*p + u. Let y = 111 + p. List the prime factors of y.
67
Let m(x) = 2*x**2 + 191*x + 1180. List the prime factors of m(77).
5, 31, 179
Let q(a) = -a**3 - 15*a**2 + 8*a**2 + 19432 - 19446 + 14*a - 9*a**2. What are the prime factors of q(-19)?
11, 73
Let g be -4 + (490 + -3 - 0). Let u = g + -339. Suppose 0 = 2*h + 3*i - 24 - u, -4*h - 5*i = -336. What are the prime factors of h?
2, 3, 7
Suppose -4*l + 4*s + 9 = -3*l, -3*s - 45 = -5*l. List the prime factors of 7506/l + 6*(-2)/3.
2, 5, 83
Let a(f) = -f - 5*f**2 + 6*f - 2*f - 3*f**3 - 4*f + 2. Let i be a(-3). Suppose -i = -u - 4. What are the prime factors of u?
37
Suppose -t = -2*t + 7. Suppose a + t = -c - 3*c, c = -5*a + 41. List the prime factors of a/(-15) + (1 - 1186/(-10)).
7, 17
Let r be 0*(12/(-8))/((-3)/2). Let a(i) = i**3 - i + r*i - 26 + 118 + 44 + i**2. What are the prime factors of a(0)?
2, 17
Let z be 4/18 - 8382/(-54)*-1. Let s = -83 - z. What are the prime factors of s?
2, 3
Suppose -5*h + 1371 = 2*c, -114 - 155 = -h - 3*c. Let i = 906 - h. What are the prime factors of i?
631
Let g(d) = d**3 - 9*d**2 + 51*d + 173. List the prime factors of g(24).
10037
Let k(t) = 569*t + 1575. List the prime factors of k(5).
2, 5, 13, 17
Let o(z) = 136*z**3 - 12*z**2 + 8*z. Let h(f) = -68*f**3 + 5*f**2 - 4*f. Let p(g) = -5*h(g) - 2*o(g). List the prime factors of p(2).
2, 137
Suppose -3*y + 766 = -4889. Suppose -y = -13*q + 2457. What are the prime factors of q?
2, 167
Let w(q) be the third derivative of q**6/120 - 11*q**5/30 - 5*q**4/3 - 19*q**3/6 - q**2 + 17. List the prime factors of w(25).
2, 107
Suppose -10*l + 26216 + 25439 = 6085. List the prime factors of l.
3, 7, 31
Let o = -61 - -118. Let p = 156 - o. What are the prime factors of p?
3, 11
Let s(l) = 74*l - 517. Let d be s(7). Suppose 91 + 34 = v. List the prime factors of 2/(-2)*(d + 1 - v).
3, 41
Suppose -1498311 - 143720 = -241*j + 1067532. List the prime factors of j.
11243
Let f = 480 - 475. Suppose -5*m = -3*p + 350, 0 = -f*p + 8*p - m - 358. What are the prime factors of p?
2, 3, 5
Let x be ((-82)/8 + 3)/(5/(-80)). List the prime factors of 60/9*-6*x/(-20).
2, 29
Let o(v) = 172*v + 18. Let w(y) = 1. Let u(i) = o(i) + w(i). List the prime factors of u(7).
1223
Suppose -120*p + 115*p + 50 = 0. Suppose -672 = -p*w + 9*w. What are the prime factors of w?
2, 3, 7
Let a(x) = x**3 + 8*x**2 - 4*x - 12. Let d = 10 - 15. Let t be a(d). Suppose h + t = 2*h. What are the prime factors of h?
83
Let p(w) = 53*w - 11. Let o(k) be the first derivative of -k**2/2 - k - 27. Let f(g) = 3*o(g) + p(g). What are the prime factors of f(6)?
2, 11, 13
Suppose -30*y - 124*y - 1191976 = -3922550. List the prime factors of y.
7, 17, 149
Suppose -48*t - 94*t = -167865 - 183727. What are the prime factors of t?
2, 619
Let f = 62025 - -4365. What are the prime factors of f?
2, 3, 5, 2213
Let a be (2 - -210)*7/14. Let r(d) = -9*d + 65. Let i be r(-15). Let g = i - a. What are the prime factors of g?
2, 47
Suppose -2*q - 5458 = 4*t - 43234, 0 = 4*q + 5*t - 75576. List the prime factors of q.
2, 17, 139
Suppose 17*o - 58 + 7 = 0. Suppose 2*y + 3*f = 569, o*f = 2*y - y - 262. List the prime factors of y.
277
List the prime factors of ((-1)/(88/42 - 2))/(35/(-263060)).
2, 3, 7, 1879
Let z(k) = 173*k + 2539. List the prime factors of z(5).
2, 23, 37
Let y = 5 - -2. Suppose -17*k + y*k = -1510. List the prime factors of k.
151
Let g be (2 - 3) + -1 + 1244 + 19. Let w = g - 854. What are the prime factors of w?
11, 37
Let u be 11183 + 16/24*-12. What are the prime factors of u/50*(-4)/(-6)?
149
List the prime factors of 1573/44*(345 + (-1 - 4)).
5, 11, 13, 17
Suppose -9*x - 3 = -10*x, l + 2*x = 13984. What are the prime factors of l?
2, 29, 241
Let r = -51606 - -89211. List the prime factors of r.
3, 5, 23, 109
Suppose -3*j - 13 = -4*x, x = -3*x + 4*j + 12. Suppose 0*n + 435 = -3*z + 2*n, x*z + 600 = -4*n. Let p = -35 - z. List the prime factors of p.
2, 7
Let u be (-2 + (-8928)/(-20))/(16/40). Let a = u + -456. What are the prime factors of a?
5, 131
Suppose -j + 9 = 3*f - 2*f, -3*j + 19 = f. Suppose 4 = -0*g - f*g, -5*k + 3*g + 3 = 0. Suppose -14*s + 11*s + 438 = k. What are the prime factors of s?
2, 73
Suppose 0 = 3*i + o + 14, 2*o = -2*i - o. Let p = i - -21. Suppose 170 = p*k - 10*k. List the prime factors of k.
2, 17
Let d(a) = 2547*a + 356. What are the prime factors of d(3)?
11, 727
Let r(z) = -3*z**2 + 20*z + 28. Let j be r(8). What are the prime factors of (-45 + 124)/((-2)/j)?
2, 79
Let l = 273 + -170. Let o = l + 298. List the prime factors of o.
401
Let m = 1 + 4. Suppose -3*z + 1852 = -4*k, 5*k - m*z + 107 = -2213. Let v = k - -685. List the prime factors of v.
3, 5
Let j(t) = -5813*t - 39. What are the prime factors of j(-1)?
2, 2887
Let y(a) = a**2 - 8*a + 2. Suppose 2*q + 2*q - 32 = 0. Let p be y(q). Suppose 4*w + 2*f = 36, -3*w - p*f + 34 = 3*f. List the prime factors of w.
2
Let o(u) = 2*u**2 + 16*u + 585. What are the prime factors of o(-28)?
5, 11, 31
Let o be (14 + -10)*(-15)/(-12). Suppose 220 + 1785 = o*f. What are the prime factors of f?
401
Let y be ((-3)/(6/(-10)))/1. Let w be (0/(-5 - 1))/(-2). Suppose -y*k + 394 + 206 = w. What are the prime factors of k?
2, 3, 5
Suppose 2442 - 80742 = -12*q. List the prime factors of q.
3, 5, 29
Let z(h) = -31*h - 114 + 20 - 76 - 10 - 152*h. List the prime factors of z(-6).
2, 3, 17
Suppose -u - 761 = 4*j - 6*j, 0 = u - 4*j + 761. Let v = -408 - u. List the prime factors of v.
353
Let g(j) = 177*j**2 + j + 9*j - 15*j + 528*j**2. List the prime factors of g(1).
2, 5, 7
Suppose 5*g - 252093 = 4*u, 302492 = -68*g + 74*g - 2*u. What are the prime factors of g?
11, 4583
Let o(y) be the third derivative of y**6/10 + y**5/10 - 11*y**4/24 + y**3/6 + 2*y**2 + 2*y. List the prime factors of o(4).
821
Suppose 2*h = -h + 4*w + 1137, 0 = -5*h + 2*w + 1881. Suppose 4*m = 545 + h. Suppose m = 6*n - n. List the prime factors of n.
2, 23
Let g(v) = 18 + 42*v - 34 + 10. What are the prime factors of g(6)?
2, 3, 41
Let x(b) = b - 16. Let i be x(19). Suppose -w = -i*p - p, -p + 1 = 0. Suppose w*j + j = 245. Wha